
Calculate the highest common divisor of 68 and 11458.
34
Calculate the greatest common factor of 6454 and 14.
14
What is the greatest common factor of 2150 and 602?
86
Calculate the greatest common divisor of 9996 and 2244.
204
Calculate the greatest common divisor of 299 and 46.
23
What is the greatest common divisor of 15 and 231?
3
Calculate the greatest common divisor of 14 and 3822.
14
What is the highest common factor of 476 and 588?
28
What is the highest common divisor of 552 and 24?
24
What is the highest common divisor of 2125 and 595?
85
Calculate the greatest common divisor of 186 and 18600.
186
What is the highest common factor of 198 and 4374?
18
Calculate the greatest common factor of 410 and 100.
10
What is the highest common divisor of 168 and 72?
24
Calculate the greatest common divisor of 104 and 64.
8
What is the greatest common factor of 7840 and 7?
7
What is the highest common factor of 730 and 790?
10
What is the highest common factor of 54 and 81?
27
Calculate the greatest common divisor of 8556 and 69.
69
Calculate the greatest common factor of 100 and 900.
100
What is the greatest common divisor of 143 and 13?
13
What is the highest common divisor of 670 and 30?
10
What is the greatest common factor of 481 and 2923?
37
What is the highest common factor of 152 and 4104?
152
Calculate the highest common divisor of 55 and 3960.
55
What is the greatest common factor of 5 and 82?
1
What is the greatest common factor of 9610 and 62?
62
Calculate the highest common factor of 27 and 18.
9
What is the highest common factor of 3887 and 46?
23
Calculate the greatest common divisor of 32 and 3248.
16
What is the greatest common divisor of 2 and 698?
2
Calculate the highest common divisor of 42 and 224.
14
What is the highest common divisor of 152 and 494?
38
Calculate the highest common divisor of 14 and 560.
14
Calculate the greatest common divisor of 19201 and 91.
91
Calculate the greatest common factor of 78 and 3562.
26
Calculate the greatest common factor of 1253 and 161.
7
What is the highest common divisor of 10 and 462?
2
What is the highest common factor of 539 and 196?
49
What is the greatest common divisor of 100 and 4850?
50
Calculate the greatest common factor of 181 and 27150.
181
Calculate the highest common divisor of 34 and 85.
17
What is the highest common divisor of 120 and 1350?
30
What is the greatest common divisor of 120 and 6920?
40
Calculate the greatest common divisor of 6 and 186.
6
What is the greatest common divisor of 44 and 11?
11
What is the greatest common factor of 6 and 678?
6
What is the highest common factor of 1786 and 38?
38
Calculate the greatest common factor of 159 and 1802.
53
What is the greatest common divisor of 43560 and 36?
36
What is the greatest common factor of 189 and 315?
63
What is the greatest common factor of 16 and 8744?
8
What is the highest common factor of 15 and 2265?
15
What is the greatest common factor of 517 and 11?
11
Calculate the greatest common factor of 156 and 5200.
52
What is the greatest common factor of 375 and 27?
3
Calculate the greatest common divisor of 1385 and 40.
5
What is the highest common divisor of 427 and 1647?
61
Calculate the greatest common divisor of 24 and 348.
12
Calculate the highest common factor of 21 and 28.
7
Calculate the highest common factor of 2780 and 40.
20
What is the highest common factor of 92 and 18676?
92
What is the highest common divisor of 27 and 1269?
27
Calculate the highest common divisor of 32 and 52.
4
What is the highest common divisor of 18970 and 70?
70
What is the highest common factor of 4724 and 8?
4
Calculate the highest common divisor of 6014 and 1164.
194
Calculate the highest common factor of 138 and 51.
3
What is the highest common divisor of 182 and 14?
14
What is the highest common divisor of 78 and 962?
26
Calculate the greatest common factor of 202 and 2.
2
What is the greatest common factor of 20 and 290?
10
What is the highest common factor of 1204 and 7?
7
What is the highest common divisor of 17 and 238?
17
Calculate the highest common factor of 24 and 20.
4
What is the greatest common divisor of 6466 and 318?
106
What is the greatest common divisor of 21 and 966?
21
What is the highest common factor of 70 and 182?
14
What is the greatest common divisor of 8 and 1256?
8
Calculate the highest common factor of 125 and 125.
125
Calculate the highest common factor of 120 and 2370.
30
What is the greatest common divisor of 40 and 80?
40
What is the greatest common factor of 10 and 515?
5
Calculate the greatest common factor of 210 and 14070.
210
What is the greatest common divisor of 76 and 38?
38
Calculate the highest common divisor of 5088 and 795.
159
What is the highest common factor of 338 and 156?
26
Calculate the highest common divisor of 8834 and 28.
14
What is the highest common factor of 322 and 5?
1
What is the greatest common factor of 1264 and 6478?
158
What is the greatest common factor of 639 and 142?
71
What is the greatest common divisor of 160 and 400?
80
What is the greatest common divisor of 179 and 14857?
179
What is the greatest common divisor of 22 and 3520?
22
What is the highest common divisor of 1056 and 726?
66
What is the highest common divisor of 119 and 136?
17
Calculate the greatest common divisor of 25 and 1600.
25
What is the greatest common divisor of 682 and 62?
62
What is the highest common divisor of 22491 and 135?
27
Calculate the greatest common divisor of 6431 and 218.
109
Calculate the greatest common factor of 24 and 6.
6
What is the greatest common factor of 48 and 2568?
24
Calculate the greatest common factor of 438 and 12.
6
What is the greatest common divisor of 153 and 9?
9
Calculate the greatest common divisor of 180 and 108.
36
What is the greatest common factor of 282 and 2914?
94
What is the greatest common factor of 18732 and 168?
84
Calculate the greatest common divisor of 10027 and 1897.
271
Calculate the greatest common divisor of 10 and 22.
2
What is the greatest common factor of 960 and 390?
30
What is the highest common divisor of 29 and 1073?
29
Calculate the highest common divisor of 47 and 8084.
47
Calculate the highest common divisor of 72 and 198.
18
What is the greatest common factor of 18867 and 38?
19
What is the highest common divisor of 266 and 343?
7
Calculate the greatest common factor of 2790 and 30.
30
What is the greatest common divisor of 16 and 2512?
16
What is the highest common factor of 4224 and 66?
66
Calculate the greatest common factor of 408 and 5916.
204
What is the highest common divisor of 3536 and 2704?
208
What is the highest common factor of 286 and 1573?
143
What is the highest common divisor of 65 and 65?
65
Calculate the greatest common factor of 11 and 1408.
11
What is the greatest common factor of 839 and 1?
1
What is the greatest common factor of 495 and 396?
99
Calculate the greatest common factor of 28 and 3500.
28
What is the highest common divisor of 40915 and 70?
35
Calculate the greatest common divisor of 125 and 85.
5
Calculate the highest common factor of 66 and 2530.
22
What is the greatest common factor of 3552 and 192?
96
Calculate the highest common divisor of 102 and 561.
51
What is the highest common factor of 385 and 2730?
35
What is the highest common divisor of 44 and 22?
22
Calculate the highest common divisor of 319 and 143.
11
What is the greatest common divisor of 793 and 221?
13
What is the greatest common factor of 8 and 9?
1
What is the highest common divisor of 21 and 56?
7
Calculate the highest common factor of 10 and 830.
10
Calculate the greatest common factor of 211 and 9.
1
What is the highest common factor of 35 and 5180?
35
Calculate the highest common factor of 1211 and 63.
7
What is the highest common factor of 3682 and 77?
7
Calculate the highest common divisor of 4 and 292.
4
Calculate the greatest common divisor of 8220 and 120.
60
Calculate the greatest common divisor of 10 and 115.
5
Calculate the greatest common divisor of 150 and 90.
30
Calculate the greatest common factor of 276 and 24.
12
What is the highest common factor of 95 and 247?
19
What is the highest common factor of 492 and 54?
6
What is the highest common divisor of 253 and 11?
11
What is the highest 